 Let b(d) = -3. Let a(s) = 3*b(s) + f(s). Let g(y) = -2*y - 3. Let u(m) = a(m) - 2*g(m). Calculate u(13).
-6
Let o(s) = s**3 - 2*s**2 - 3*s - 3. Suppose 0 = 6*a + 5*a + 33. Let t(j) = j**3 - j**2 - 5*j - 4. Let z(y) = a*t(y) + 4*o(y). Give z(3).
-9
Let w = 3581 + -3561. Let l(a) = -a**2 + 23*a - 101. What is l(w)?
-41
Let t = 2616 - 2602. Let r(v) = v**3 - 15*v**2 + 10*v - 7. What is r(t)?
-63
Suppose -s - 261 = -271. Let v(p) = -s - 2 + 0 - 3*p. Calculate v(-6).
6
Let u(d) = -96*d + d**3 + 190*d - 38*d**2 - 73 - 92*d. Calculate u(38).
3
Let d be ((-1)/1)/(2/(-8)). Let l(x) be the third derivative of 5*x**2 - 1/8*x**4 + 0*x + 0 + 0*x**3. What is l(d)?
-12
Let f be (-12)/(3 - (-1 + 3)). Let d be (52/f - -2) + (-4)/6. Let l(m) = -2 - m**2 + 6 + m**2 + m**2 + 5*m. Give l(d).
-2
Let i(j) = -j**2 + 3*j + 2. Let o = 116 + -174. Let y = 59 + o. Let x be (-1 + -2 - -4) + (y - -2). What is i(x)?
-2
Let r(k) be the second derivative of 14*k**3/3 - 7*k**2/2 + 340*k + 2. Determine r(0).
-7
Let s(w) = 7*w + 25*w - 73*w**2 - 45*w + 72*w**2 - 38. Calculate s(-5).
2
Let l(b) = 21*b**2 + 24*b - 15. Let d(i) = 5*i**2 + 6*i - 3. Let w(z) = -17*d(z) + 4*l(z). Determine w(-7).
-16
Let u(c) = -c**3 - c**2 + 1. Let v(g) = -g**3 - 4*g**2 + 2*g. Let p(s) = 2*u(s) - v(s). Suppose -f - 268 + 284 = 3*l, 4*l + f = 19. Calculate p(l).
-13
Let q be 4/96*6*(-1344)/56. Let h(k) = 11 - 5*k + 0*k**2 + 1 - k**2. Give h(q).
6
Let s be (-13 - -11) + 4 + 0 + 35. Let r(i) = -i**3 - 4*i**2 - 3*i - 5. Let z be r(-4). Suppose -z*h + 2 = s. Let m(j) = j + 3. Give m(h).
-2
Let o = 92 - -117. Let i = o - 207. Let v(u) = 3*u + 1. Determine v(i).
7
Let o be 38/8 + (-3)/(-12). Let p(q) be the third derivative of -q**6/120 + q**5/10 - q**4/12 - 5*q**3/3 - 4204*q**2. Determine p(o).
5
Suppose 0 = 3*r - 80 - 85. Let i = r - 50. Let w(h) = i*h - 2*h - 5 - 2*h + 6. Give w(7).
8
Let d(o) be the first derivative of o**4/12 - o**3/6 + o**2/2 - 38*o + 175. Let s(i) be the first derivative of d(i). Give s(0).
1
Let y(u) = 275*u + 20. Let p(d) = 321*d + 22. Let m(h) = 6*p(h) - 7*y(h). Suppose 3 = -z, z - 9 = -3*c - 0*z. What is m(c)?
-4
Let k be (25/(-20) - -2)*(-40)/(-15). Let d(f) = -10*f + 22. What is d(k)?
2
Let f(i) = 15*i**3 - 10*i**2 + i + 11. Let q(u) = 4*u**3 + u + 1. Let j(l) = f(l) - 4*q(l). Give j(-10).
37
Let x(t) = 2*t**3 + 2*t**2 - 15*t - 1. Let k be x(-5). Let b = -123 - k. Let y(c) = c**2 - c + 4. Give y(b).
10
Let o(i) = 5*i - 122. Let u be o(25). Let w(g) = 3 - 2*g**2 + 19*g**u - 2*g**2 - 4 - 18*g**3. What is w(3)?
-10
Let h(t) = 6 - t + t**3 - 13*t**2 - 2 + 5. Suppose 0 = -115*q - 136 + 1606 + 25. Give h(q).
-4
Let c(o) = o**2 + 20*o + 94. Let t be 2/18 - (-944)/576*-8. Give c(t).
3
Suppose 5*c + 8 = -h, -c = 2*h + c. Let w(q) = 180*q - 351*q - 3 + 169*q. Calculate w(h).
-7
Let q be 66/(-176) + 11/8. Let c(j) = -1 + 7*j**2 - 3 + 2*j + 3. What is c(q)?
8
Let q(i) = i**3 - 5*i**2 + 5*i - 14. Let k be 11/((-308)/(-24))*4*(-91)/(-52). Give q(k).
52
Let l be (2 + (-356)/6)*36/24. Let d = -80 - l. Let w(k) = k - 5. What is w(d)?
1
Suppose 146*w = -6 - 140. Let r(y) = -y**2 + 6 - 5*y**2 + 9 - 16 - y. What is r(w)?
-6
Let n(v) = 9*v**2 - v**2 - 3*v - 4 - 7*v**2 + 0*v**2 - 3*v. Let x(u) = -u**2 + 9*u + 7. Let q(b) = -5*n(b) - 3*x(b). What is q(2)?
-3
Suppose -2*p - 2 - 6 = 0. Let s(z) = -z**3 + 6*z**2 + z - 8. Let y(c) = c**3 - 5*c**2 - c + 6. Let l(v) = p*y(v) - 3*s(v). Determine l(-2).
14
Suppose 72*j + 90 = 78*j. Let u(c) = 3*c - 17. Give u(j).
28
Let v(b) = 3*b - 26. Let m be v(10). Let a(w) = 6*w**3 - 4*w**2 - m*w**3 - 3*w**3 + 0*w**2. Calculate a(-3).
-9
Let f(d) be the second derivative of -d**5/20 - d**4/6 - d**3/6 - d**2/2 + 10*d. Let r(s) = 11*s + 54. Let n be r(-5). Determine f(n).
-1
Suppose 5*n + 152*v + 57 = 149*v, 54 = -3*n - 4*v. Let p(z) = 3*z - 4*z - 9 - z. Calculate p(n).
3
Let x(o) be the second derivative of o**4/4 + 17*o**3/3 + 17*o**2/2 - 18*o - 2. Calculate x(-11).
6
Let i(a) be the second derivative of -a**5/20 - 4*a**4/3 - 17*a**3/6 - 13*a**2/2 + 3658*a. Give i(-15).
17
Let v(m) = m**3 + 25*m**2 - 9*m - 16. Let f be v(0). Let b(d) = -d**3 - 17*d**2 - 19*d - 35. Calculate b(f).
13
Let f(x) = -17*x - 22*x - 15 + 56*x - 16*x. Determine f(5).
-10
Let l(p) = 27*p - 79. Suppose 12 = -22*j + 78. Let h be l(j). Let z(u) = 3*u**3 - u**2 - u + 1. What is z(h)?
19
Let r(h) = 5*h - 15*h - 7 + 24 - 12*h - 7. Calculate r(1).
-12
Let r(t) = 91*t + 4*t**3 - 23 - 10*t**2 - 154*t + 82*t - 3*t**3. Give r(8).
1
Let l = -111 + 126. Let s(f) = -40*f + 14*f + 9*f + l*f. Calculate s(6).
-12
Let c(v) = v**2 - 2*v - 1. Suppose -3*b - 6*x + x - 16 = 0, b - 4*x - 23 = 0. Suppose -t = -3, -4*t + 66 = -0*s + b*s. Suppose -15*z + s*z - 9 = 0. Give c(z).
2
Suppose -5*i + 3*i + 288 = 0. Suppose -5*k = -4*t - 191, -3*k = -t - 2*t - i. Let x = -47 - t. Let h(r) = r**2 - 2*r. What is h(x)?
0
Let s(r) = 15*r + 173. Suppose 0 = 19*a - 19*a + 17*a + 187. Give s(a).
8
Let r(l) = l. Let b(v) = -13*v - 1. Let j = 1 - -1. Let s(t) = j*b(t) + 22*r(t). Suppose 0 = -3*d - 4*h + h - 6, 0 = -4*d - 2*h - 12. Calculate s(d).
14
Let k(o) = 7*o + 49. Let p be k(-6). Let m(v) = 2*v**3 + v - p + 4 - v**3 + 0*v**3 + 4*v**2. Suppose 0*f = -2*f + 4, -13 = y - 5*f. What is m(y)?
3
Let c(x) be the first derivative of -x**4/4 - 10*x**3/3 + 14*x**2 + 48*x + 6551. Determine c(-12).
0
Let c(d) be the first derivative of 9*d**3 + d**2/2 - 3*d + 2953. Calculate c(-2).
103
Let d(g) = -2*g**3 + g**3 - 3*g**2 - g + 2 + 2*g. Let t(x) be the first derivative of -5*x**2 + 117*x - 233. Let i be t(12). What is d(i)?
-1
Let d(s) be the first derivative of s**4/4 - 19*s**3/3 + 10*s**2 - 33*s + 899. What is d(18)?
3
Let f(q) be the first derivative of -q**3/3 - q**2/2 + 4*q + 5. Suppose 4408*d - 4395*d + 10 = -68. Give f(d).
-26
Let x(k) = -29*k**2 + 28*k - 51. Let d(y) = 18*y**2 - 18*y + 34. Let l(t) = -8*d(t) - 5*x(t). What is l(-7)?
4
Let j(a) = a**2 + a + 8. Let d(k) = -k**3 + 3*k**2 + 10*k - 1. Let p be d(5). Let y be p/2*4*-2. Suppose 0*m = -y*m - 3*c, -c = 2*m. What is j(m)?
8
Let f be -13 + 12/2 + 7. Let n be (2 + f)*(4 - 2). Let z(g) = -2*g**2 + 2*g - 2. Calculate z(n).
-26
Let f(l) = -l**3 + 5*l**2 + 6*l - 7. Let z be f(6). Let j(i) = -48 - 20*i + 31*i + 30 - 18*i + 17 - 4*i**2 + 3*i**2. Calculate j(z).
-1
Let k(g) = -g**3 + 55*g**2 - 66*g + 671. Let h be k(54). Let o(d) = -2*d + 64. Calculate o(h).
18
Suppose 711 = 131*y - 2517 + 739. Let t(l) be the second derivative of 0 + 1/2*l**2 + 1/2*l**3 + 1/12*l**4 - y*l. Calculate t(-2).
-1
Let l(m) = -3*m**3 + 2*m. Let d(r) = -42*r**3 + 3*r**2 + 11*r - 3. Let p(n) = d(n) - 5*l(n). Give p(1).
-26
Suppose 40*d + z = 35*d + 18, -5*z = -3*d - 34. Let j(m) be the first derivative of 0*m + 34 - 11/2*m**d. What is j(-1)?
11
Let t(d) = d**3 - 1 + 13*d**2 - 9 - 15*d + 1. Let z = 88046 + -88060. Calculate t(z).
5
Let f(s) = -35*s**3 + s**2 - 3*s + 1. Let g(u) = 104*u**3 - 3*u**2 + 8*u - 3. Let x(a) = -11*f(a) - 4*g(a). Calculate x(-1).
32
Let w be 98/2*(11 - 10). Suppose 4*o - w = -4*s - 17, -o = -s - 2. Let p(d) = 9*d - 2. Let b(m) = -46*m + 9. Let z(y) = 2*b(y) + 11*p(y). What is z(s)?
17
Let q(a) be the first derivative of -a**5/20 + a**4/3 + a**3 + 142*a + 81. Let l(p) be the first derivative of q(p). Give l(5).
5
Let j(x) be the third derivative of 1/12*x**4 + 0 + 13*x**2 - 1/60*x**5 - 1/6*x**3 + 0*x. Calculate j(2).
-1
Let q(m) be the third derivative of m**6/12 + m**5/12 + m**4/24 + m**3/3 + 3095*m**2. What is q(-2)?
-60
Let y(r) = r - 13. Let o(h) be the third derivative of -h**4/24 + 17*h**3/6 + 11*h**2 + h. Let q be o(10). What is y(q)?
-6
Let h(m) = 5*m**3 - 15*m**2 + m - 22. Let j(o) = 2*o**3 - o**2 + 5*o + 1. Let y(w) = h(w) - 3*j(w). Determine y(-11).
8
Let i(t) = -t**2 - 53*t + 1547. Let f be i(-74). Let c(g) = 4*g + 3. Determine c(f).
-25
Let d = 248 + -208. Let v(t) = -3*t + 76 - t**3 - d - t**2 - 37. Let h(j) = -j - 12. Let m be h(-10). Calculate v(m).
9
Let f(v) = 3*v**3 - 58870*v**2 + 58875*v**2 + 4 - 2*v**3 + 0*v**3 + 4*v. Determine f(-5).
-16
Let q(p) = -p**3 - 5*p**2 - p - 3. Let d = 235 + -223. Let z be 6/(-3) + 0 - -19. Let r = d - z. Determine q(r).
2
Let n(z) be the second derivative of -z**5/20 - 37*z**4/12 - 65*z**3/3 + 77*z**2/2 + 26*z + 125. Determine n(-33).
1